e prime factors of 5/(-40) - (-79023)/56?
17, 83
Let m be 10/3*(-72)/(-30) + 1. Suppose 14*n - m*n - 470 = 0. List the prime factors of n.
2, 47
What are the prime factors of (-1)/(-3) - 237*(-30)/54?
2, 3, 11
Let h(g) be the third derivative of -g**4/24 + g**3/6 + 14*g**2. Let f be h(-8). Let j = -4 + f. List the prime factors of j.
5
Suppose 0 = -2*h + k - 3*k - 2, k + 1 = 3*h. Let a(s) = -s**3 - 1 + 2 - 5*s + 8*s**2 + h - 6. What are the prime factors of a(6)?
37
Suppose 0 = 11*z - 888 - 6152. List the prime factors of z.
2, 5
Suppose 15*q - 7127 = 28588. What are the prime factors of q?
2381
Let u = 60 + -38. Suppose 582 = 3*v + 4*i, 0 = -2*v - 5*i + 366 + u. List the prime factors of v.
2, 97
Suppose 6*d - 5894 - 2602 = 0. What are the prime factors of d?
2, 3, 59
Let q(z) be the first derivative of z**2/2 - 5*z + 2. Let c be q(4). What are the prime factors of ((-638)/(-11))/((-2)/c)?
29
Let d(i) = 78*i - 209. What are the prime factors of d(13)?
5, 7, 23
Suppose -126*z + 125*z = -580. List the prime factors of z.
2, 5, 29
Suppose -m - m = -194. Suppose m = -2*z + 1. What are the prime factors of (-19)/(-8) - z/(-128)?
2
Let l(c) = -c**3 + 8*c**2 + 13*c + 2. Let z be l(10). Let o be z/(-5) - 6/(-15). Suppose f - 5*b - o = 0, 4*f - 3*b - b = 72. List the prime factors of f.
19
Let y = 123 - -88. Suppose -y = -5*f + 124. What are the prime factors of f?
67
Let w = 94 + 98. Suppose r + 249 = 5*z - r, 0 = 4*z - 4*r - w. List the prime factors of z.
3, 17
Suppose -2*u - 3*d = -8094, 0 = 3*d + 54 - 66. List the prime factors of u.
3, 449
Suppose 0 = -2*j + 5*q + 3460 + 3651, 0 = -5*j - 4*q + 17728. List the prime factors of j.
2, 887
Let j be (2/6)/((-8)/24). Let q be (9 - (-3 + 3))/j. What are the prime factors of ((-6)/q)/(6/117)?
13
Let x = 595 + 356. What are the prime factors of x?
3, 317
Let z(q) = q**3 + q**2 - 4*q + 1. What are the prime factors of z(6)?
229
Let s(j) = -7*j + 46. Suppose -o + 28 + 1 = 4*w, w - o - 1 = 0. List the prime factors of s(w).
2
Let b = 175 + 556. What are the prime factors of b?
17, 43
Let s = 15 - 9. Let b(z) = -z**2 + 2*z + 9. Let g be b(s). List the prime factors of 2/g - 1902/(-90).
3, 7
Let l(b) = -b - 15. Let a be l(-8). Let i be -2 + 1 - 84/a. Let c(x) = 2*x + 9. What are the prime factors of c(i)?
31
Let v = -8 + 23. Let p(m) = m - 12. Let a be p(v). Suppose a*u = 2*u + 8. What are the prime factors of u?
2
Suppose 4*i + d = 687 + 3682, -d - 5459 = -5*i. List the prime factors of i.
2, 3, 7, 13
Let g = -404 + 1031. What are the prime factors of g?
3, 11, 19
Suppose 5*r = -5*x + 8*x - 16, -35 = 4*r + 5*x. Let a(z) = -42*z + 1. List the prime factors of a(r).
211
Let l(a) = -a**2 + 9*a - 17. Let s be l(11). Let d = s - -112. List the prime factors of d.
73
Let m(o) = -6*o**2 - 2*o + 2. Let a be m(3). Let n be 6/(-3 + 475/155). Let k = a + n. What are the prime factors of k?
5, 7
Let r(j) = -27*j - 1. Let o be r(-3). Suppose 5*s - 585 + o = 0. List the prime factors of s.
101
Suppose 0 = p - 2, -4*p = -3*v - 0*p + 112. Let n be (-17)/(-8) + (-5)/v. Suppose 0 = u + 5*o - 18, 0 = 4*u - 7*u + n*o + 54. List the prime factors of u.
2, 3
Let j be (-1318)/3*(-6 + -2 + 5). Suppose 46 - j = -8*n. What are the prime factors of n?
3, 53
Let k be ((-2)/6)/(2/(-2796)). Suppose 0 = -5*m + 2*j - 0*j + 442, 5*m = -4*j + k. List the prime factors of m.
2, 3, 5
Let a(j) = -58*j - 518. List the prime factors of a(-9).
2
Suppose 3*o - 6 = 0, s - 377 + 5 = 2*o. Suppose 0 = 3*f - 0*f + 3, -5*c + f = -s. What are the prime factors of c?
3, 5
Suppose -3*a + 26 = 11*w - 9*w, -13 = -a - 5*w. Suppose 1212 + 308 = a*o. What are the prime factors of o?
2, 5, 19
List the prime factors of 74/6*10/(50/165).
11, 37
Suppose 0 = 9*y - 11*y + 10. Suppose -98 + 783 = y*r. List the prime factors of r.
137
Suppose -2*o + 422 = -4*n, -3*o + 641 = -8*n + 4*n. List the prime factors of o.
3, 73
Let k = -121 - -201. Let s be (-3)/(5/(k/(-12))). Suppose -s*a + 11 + 21 = 0. List the prime factors of a.
2
What are the prime factors of -3 - (16/20 - (-5938)/(-10))?
2, 5, 59
Let i be (-2)/(-10) + -2 + (-88)/40. List the prime factors of (i/((-16)/3))/(2/360).
3, 5
Let t(k) be the second derivative of -5*k**5/2 - k**4/6 + k**2/2 - 31*k. List the prime factors of t(-1).
7
Let w = 696 - 457. List the prime factors of w.
239
Let b = 2 + -6. What are the prime factors of b/(-10) + (-11)/(110/(-546))?
5, 11
Suppose 384 = 23*g - 21*g + j, 0 = -3*g - 4*j + 581. List the prime factors of g.
191
Let g = 81 + -85. Let h = g - -51. What are the prime factors of h?
47
Suppose -m - 2*t - 12 = 43, 3*m + 3*t = -174. Let x = m - -131. List the prime factors of x.
2, 5, 7
Let z be (1 + 1)*(0 - -2). Suppose -t + z*t - 123 = 0. List the prime factors of t.
41
Let l(a) = 7*a**2 + 21*a. Let j be l(-6). Suppose -3*c - 39 = -j. What are the prime factors of c?
29
List the prime factors of (-436)/12*6*3/(-6).
109
Let n(g) = -g**2 + 4*g + 3. Let m be n(5). Let i be 4*1/m + -10. List the prime factors of 3 + ((-2)/2 - i).
2, 7
Suppose 18 = 2*v - 2*z, 0 = 4*z - 10 - 2. List the prime factors of v.
2, 3
Let r(d) = 2*d - d**2 - 4 + d**2 + d**2. What are the prime factors of r(3)?
11
Suppose r - 6 = -r. Let p(w) = 9*w**2 - 6*w - 1. List the prime factors of p(r).
2, 31
What are the prime factors of (-1970)/(-150) + (-1)/(-30)*-4?
13
Suppose t = 5*t - 5*h + 12, 5*t + 3*h - 22 = 0. Suppose 0 = -3*s + t*m + 6, 5*s - 4*m = 10. Suppose 3*a = 3, -y + s*a + 1 = -8. What are the prime factors of y?
11
Let h(o) = o**2 - 3*o - 7. Let q be h(5). Suppose -q*m + 895 = m - 3*y, 0 = -m + 2*y + 220. What are the prime factors of m?
2, 113
Let a = -16 - -17. Let b be (-1 + 19)*6*a. Let k = b - 77. List the prime factors of k.
31
Let j(q) = -2*q - 34. Let h be j(-18). Suppose -2*n = -h*c - 194, 0 = c + 3. What are the prime factors of n?
2, 47
Let c(o) = -4*o - 7. Let l(u) = u + 1. Let w(g) = -c(g) - 3*l(g). Let a be w(-5). List the prime factors of 21 + (-3 - a)*-1.
23
Let g = -1575 + 2970. What are the prime factors of g?
3, 5, 31
Let u be (-309)/(-45) + (-4)/(-30). Suppose -25 = -u*o + 171. Suppose -15 - o = -b. List the prime factors of b.
43
Suppose 2*t - 5*u + 8 + 7 = 0, -u - 10 = -3*t. Suppose 7 + 7 = 2*o. Let x = o + t. What are the prime factors of x?
2, 3
Suppose -39*p + 40*p = 0. List the prime factors of (1 + 2 - p)*58.
2, 3, 29
List the prime factors of (59/(-118))/(2/(-3176)).
2, 397
Suppose -3*z + 890 = 722. What are the prime factors of z?
2, 7
Let a be 12/((-7)/(-6) + (-10)/(-30)). Let w(d) = d**3 - 6*d**2 - 12*d - 6. What are the prime factors of w(a)?
2, 13
Suppose 3167 - 157 = 10*u. Let p = u - 182. List the prime factors of p.
7, 17
Suppose -5*d = -2*p + 4, 1 = -2*d - 3*d + 3*p. List the prime factors of ((-55)/15 - -4)*(-84)/d.
2, 7
Suppose -4*m - d = -3*d - 1520, -1114 = -3*m - 5*d. What are the prime factors of m?
2, 3, 7
Suppose -31*o + 37*o = 1206. List the prime factors of o.
3, 67
Let s = 608 - 424. Suppose s = 4*c - 24. Suppose 3*u - 12 = 0, -2*u - u = 5*o - c. List the prime factors of o.
2
Let o = -9 - -34. Let m(b) = b - 10. Let n be m(-5). Let s = o + n. List the prime factors of s.
2, 5
Suppose 4*z + 4*b = 6160, 4*b - 7*b + 3075 = 2*z. What are the prime factors of z?
3, 5, 103
Let w be (-32 + 5)*(-1)/3. Suppose 12*v = w*v. Suppose -2*j + 27 + 5 = v. What are the prime factors of j?
2
Let w = 777 - 390. Suppose -w + 159 = -6*q. What are the prime factors of q?
2, 19
Let k(d) = d**3 + 13*d**2 + 9*d - 11. Suppose 3*r - 29 = -2*v, -3*v = r + v - 3. Suppose r = -w - a, 50 = -0*w - 4*w + 2*a. List the prime factors of k(w).
5
Suppose -2*d = 2*j + 80, -j - j + 2*d = 64. Let b = j - -67. List the prime factors of b.
31
List the prime factors of (3*16)/(-4)*1160/(-15).
2, 29
Suppose 3*b - 4*v + 3*v - 20 = 0, -3*b - 2*v = -14. Suppose 2*s = x + s + b, -2 = -x - 3*s. What are the prime factors of (2 + x)*(-38)/2?
2, 19
Suppose 3*k = 2*v + 2*v - 563, 561 = 4*v - k. Suppose -241 = -3*x + v. What are the prime factors of x?
127
Let s = -8 - -3. List the prime factors of (-390 + -8)*(s/2 - -2).
199
List the prime factors of 3*(-3 + 4) + 1158.
3, 43
Let s = 840 + -494. Let t = s + -67. List the prime factors of t.
3, 31
Let n(z) = 6*z**3 + 2*z**2 + 12*z - 6. Let m(r) = -r**3